3?
False
Is 826 a multiple of 14?
True
Does 110 divide 1943?
False
Is 22 a factor of 2063?
False
Is 4 a factor of 3295?
False
Does 12 divide 1870?
False
Is 318 a multiple of 53?
True
Is 3850 a multiple of 154?
True
Is 17004 a multiple of 116?
False
Is 951 a multiple of 23?
False
Does 28 divide 192?
False
Is 89 a factor of 4183?
True
Is 2 a factor of 2188?
True
Is 4794 a multiple of 80?
False
Does 4 divide 11604?
True
Does 29 divide 1174?
False
Is 10 a factor of 12?
False
Does 3 divide 121?
False
Is 1217 a multiple of 352?
False
Is 561 a multiple of 17?
True
Is 2310 a multiple of 82?
False
Does 43 divide 387?
True
Is 766 a multiple of 16?
False
Is 516 a multiple of 14?
False
Is 64548 a multiple of 18?
True
Does 13 divide 683?
False
Is 261 a multiple of 3?
True
Does 156 divide 18746?
False
Does 17 divide 119935?
True
Is 2880 a multiple of 18?
True
Does 20 divide 3477?
False
Does 17 divide 19006?
True
Does 23 divide 5382?
True
Is 14 a factor of 87592?
False
Is 509 a factor of 136572?
False
Does 33 divide 148?
False
Is 157 a factor of 38641?
False
Is 24 a factor of 341?
False
Is 8 a factor of 661?
False
Does 5 divide 38038?
False
Is 8 a factor of 18004?
False
Is 9 a factor of 1655?
False
Is 28 a factor of 224?
True
Is 1242 a multiple of 23?
True
Is 460 a multiple of 23?
True
Is 10 a factor of 180?
True
Does 153 divide 9333?
True
Does 29 divide 1164?
False
Is 940 a multiple of 5?
True
Does 9 divide 2629?
False
Is 44 a factor of 623?
False
Does 6 divide 1334?
False
Does 2 divide 127?
False
Is 1920 a multiple of 8?
True
Is 36 a factor of 3545?
False
Does 7 divide 2355?
False
Is 1612 a multiple of 2?
True
Is 37 a factor of 22015?
True
Does 9 divide 177?
False
Is 58 a factor of 986?
True
Is 1689 a multiple of 12?
False
Is 105 a multiple of 8?
False
Does 16 divide 3431?
False
Is 11623 a multiple of 14?
False
Does 47 divide 881?
False
Does 20 divide 5780?
True
Does 5 divide 8928?
False
Does 69 divide 45191?
False
Is 1508 a multiple of 26?
True
Does 66 divide 9557?
False
Does 9 divide 496?
False
Is 27201 a multiple of 10?
False
Is 19 a factor of 1290?
False
Is 2160 a multiple of 40?
True
Is 110 a factor of 28050?
True
Does 6 divide 17464?
False
Is 295 a multiple of 15?
False
Is 56 a factor of 5992?
True
Is 2649 a multiple of 157?
False
Is 29 a factor of 98919?
True
Does 171 divide 65402?
False
Is 2382 a multiple of 11?
False
Is 1522 even?
True
Does 52 divide 25480?
True
Is 7 a factor of 1656?
False
Does 261 divide 105983?
False
Does 157 divide 49612?
True
Is 13524 a multiple of 84?
True
Is 12091 a multiple of 113?
True
Is 12495 a multiple of 85?
True
Is 24 a factor of 160464?
True
Is 5 a factor of 7449?
False
Is 7 a factor of 1529?
False
Is 11 a factor of 11?
True
Is 6 a factor of 186?
True
Does 10 divide 4950?
True
Is 4 a factor of 714?
False
Is 85 a factor of 14156?
False
Is 118 a factor of 236?
True
Is 5448 a multiple of 27?
False
Is 24 a factor of 8482?
False
Is 528 a multiple of 3?
True
Is 34 a factor of 5518?
False
Is 455 a factor of 86233?
False
Is 43 a factor of 1720?
True
Is 2214 a multiple of 22?
False
Is 22705 a multiple of 239?
True
Is 6725 a multiple of 16?
False
Is 84 a multiple of 42?
True
Does 13 divide 39145?
False
Does 17 divide 1445?
True
Is 61 a factor of 4033?
False
Is 25658 a multiple of 45?
False
Does 27 divide 1282?
False
Is 606 a multiple of 2?
True
Is 4 a factor of 4373?
False
Is 62 a factor of 1240?
True
Is 17 a factor of 317?
False
Is 22540 a multiple of 460?
True
Is 9 a factor of 189?
True
Does 16 divide 21?
False
Is 139 a factor of 17792?
True
Is 52 a multiple of 52?
True
Is 44 a factor of 1364?
True
Is 2340 a multiple of 58?
False
Is 31762 a multiple of 6?
False
Does 92 divide 12328?
True
Does 6 divide 24?
True
Is 20702 a multiple of 31?
False
Does 3 divide 123?
True
Is 42651 a multiple of 63?
True
Does 157 divide 50397?
True
Is 70603 a multiple of 232?
False
Is 13 a factor of 68327?
False
Does 52 divide 8652?
False
Does 31 divide 3317?
True
Is 396 a multiple of 11?
True
Is 2 a factor of 6112?
True
Does 3 divide 23207?
False
Is 1575 a multiple of 25?
True
Does 11 divide 3212?
True
Is 38852 a multiple of 22?
True
Does 18 divide 90?
True
Does 31 divide 44950?
True
Does 11 divide 1328?
False
Is 1310 a multiple of 5?
True
Is 3575 a multiple of 65?
True
Is 7 a factor of 8248?
False
Is 321 a multiple of 4?
False
Is 13 a factor of 1781?
True
Is 6367 a multiple of 47?
False
Does 12 divide 2856?
True
Is 468 a multiple of 18?
True
Does 17 divide 50813?
True
Does 47 divide 1405?
False
Is 338 a multiple of 11?
False
Is 340 a multiple of 10?
True
Does 3 divide 3809?
False
Is 27 a factor of 987?
False
Does 12 divide 1884?
True
Is 146 a factor of 12304?
False
Does 63 divide 1890?
True
Is 2820 a multiple of 94?
True
Is 6 a factor of 6048?
True
Is 172 a multiple of 43?
True
Is 4464 a multiple of 9?
True
Does 8 divide 528?
True
Is 8800 a multiple of 80?
True
Does 61 divide 1726?
False
Does 22 divide 5588?
True
Does 39 divide 780?
True
Is 22 a factor of 1672?
True
Is 1533 a multiple of 33?
False
Does 12 divide 4572?
True
Is 270 a multiple of 30?
True
Is 1275 a multiple of 51?
True
Does 14 divide 994?
True
Is 301 a multiple of 7?
True
Is 27 a factor of 9130?
False
Is 14760 a multiple of 199?
False
Is 36 a factor of 1476?
True
Does 47 divide 43945?
True
Does 34 divide 10846?
True
Does 14 divide 2319?
False
Is 7 a factor of 1610?
True
Is 19 a factor of 891?
False
Is 23 a factor of 235?
False
Is 620 a multiple of 10?
True
Is 142 a factor of 24063?
False
Is 17680 a multiple of 170?
True
Is 12 a factor of 192?
True
Is 1714 a multiple of 28?
False
Is 6084 a multiple of 13?
True
Does 3 divide 977?
False
Is 37 a factor of 232?
False
Is 14 a factor of 1456?
True
Is 73 a factor of 6160?
False
Is 10 a factor of 1410?
True
Does 2 divide 81?
False
Is 3 a factor of 1323?
True
Is 4116 a multiple of 21?
True
Does 8 divide 225?
False
Is 7007 a multiple of 91?
True
Does 48 divide 96?
True
Does 14 divide 2000?
False
Is 2006 a multiple of 34?
True
Does 18 divide 648?
True
Is 43 a factor of 8459?
False
Is 117 a factor of 1287?
True
Does 11 divide 883?
False
Does 12 divide 627?
False
Does 5 divide 149?
False
Is 48 a factor of 96?
True
Is 7 a factor of 1211?
True
Is 86 a factor of 1118?
True
Is 522 a multiple of 11?
False
Is 5332 a multiple of 62?
True
Does 22 divide 109320?
False
Is 112 a factor of 11957?
False
Is 174 a multiple of 6?
True
Does 45 divide 2606?
False
Does 94 divide 14946?
True
Is 4 a factor of 1900?
True
Does 11 divide 1547?
False
Does 27 divide 21433?
False
Is 715 a multiple of 32?
False
Is 3 a factor of 9581?
False
Does 15 divide 2610?
True
Is 2108 a multiple of 31?
True
Is 18 a multiple of 18?
True
Does 36 divide 3252?
False
Is 188292 a multiple of 34?
True
Is 3 a factor of 2232?
True
Is 2763 a multiple of 7?
False
Does 45 divide 1215?
True
Is 14 a factor of 12040?
True
Is 1552 a multiple of 16?
True
Is 19557 a multiple of 123?
True
Is 14 a factor of 1292?
False
Is 17 a factor of 782?
True
Is 164 a factor of 106600?
True
Is 14 a factor of 1778?
True
Is 78580 a multiple of 199?
False
Is 11363 a multiple of 18?
False
Does 114 divide 2394?
True
Is 87 a factor of 8537?
False
Is 600 a multiple of 4?
True
Is 4 a factor of 2405?
False
Is 17 a factor of 11372?
False
Does 10 divide 10875?
False
Does 44 divide 616?
True
Is 50 a factor of 756?
False
Does 11 divide 773?
False
Is 9 a factor of 2017?
False
Is 10954 a multiple of 94?
False
Does 18 divide 1213?
False
Is 48 a factor of 3408?
True
Does 30 divide 32361?
False
Does 6 divide 1511?
False
Is 7260 a multiple of 23?
False
Is 3101 a multiple of 37?
False
Is 36432 a multiple of 76?
False
Is 792 a multiple of 8?
True
Does 68 divide 48306?
False
Does 27 divide 6858?
True
Is 4 a factor of 11868?
True
Is 21702 a multiple of 53?
False
Is 3 a factor of 9828?
True
Is 1061 a multiple of 7?
False
Is 4 a factor of 12860?
True
Is 1160 a multiple of 40?
True
Is 554 a multiple of 27?
False
Does 24 divide 1266?
False
Does 124 divide 2521?
False
Does 33 divide 20427?
True
Is 35 even?
False
Is 34 a factor of 31767?
False
Is 53 a factor of 222?
False
Is 2741 a multiple of 46?
False
Is 3101 a multiple of 7?
True
Is 3 a factor of 2088?
True
Is 46 a factor of 552?
True
Is 5920 a multiple of 20?
True
Is 378 a multiple of 1